{"id":848,"date":"2019-08-30T10:51:24","date_gmt":"2019-08-30T17:51:24","guid":{"rendered":"http:\/\/lichenportal.org\/help-resources\/?page_id=848"},"modified":"2019-08-30T11:37:31","modified_gmt":"2019-08-30T18:37:31","slug":"congreso-de-botanica-botany-2019","status":"publish","type":"page","link":"https:\/\/help.lichenportal.org\/index.php\/es\/chlal-ayuda-y-recursos\/congreso-de-botanica-botany-2019\/","title":{"rendered":"Congreso de Bot\u00e1nica: Botany 2019"},"content":{"rendered":"\n<h4 class=\"wp-block-heading\">(Tucson, Arizona, EEUU)<\/h4>\n\n\n\n<h3 class=\"wp-block-heading\">Novedades del <br><em>Consorcio de Herbarios de L\u00edquenes <\/em><\/h3>\n\n\n\n<h4 class=\"wp-block-heading\">Am\u00e9rica del Norte y por all\u00e1  \u2013 \u00bfa donde nos vamos? <\/h4>\n\n\n\n<figure><iframe loading=\"lazy\" src=\"https:\/\/docs.google.com\/presentation\/d\/e\/2PACX-1vRJUxrbmoUPzzUjavNDrfv3_Zvz4QQF8Lu8_vTx6IguqegImQj7gfbudrJYG77nvw\/embed?start=false&amp;loop=false&amp;delayms=3000\" allowfullscreen=\"true\" width=\"700\" height=\"450\"><\/iframe><\/figure>\n\n\n<p><!--EndFragment--><\/p>","protected":false},"excerpt":{"rendered":"<p>(Tucson, Arizona, EEUU) Novedades del Consorcio de Herbarios de L\u00edquenes Am\u00e9rica del Norte y por all\u00e1 \u2013 \u00bfa donde nos vamos?<\/p>\n","protected":false},"author":2,"featured_media":0,"parent":735,"menu_order":4,"comment_status":"closed","ping_status":"closed","template":"","meta":{"footnotes":""},"class_list":["post-848","page","type-page","status-publish","hentry"],"_links":{"self":[{"href":"https:\/\/help.lichenportal.org\/index.php\/wp-json\/wp\/v2\/pages\/848","targetHints":{"allow":["GET"]}}],"collection":[{"href":"https:\/\/help.lichenportal.org\/index.php\/wp-json\/wp\/v2\/pages"}],"about":[{"href":"https:\/\/help.lichenportal.org\/index.php\/wp-json\/wp\/v2\/types\/page"}],"author":[{"embeddable":true,"href":"https:\/\/help.lichenportal.org\/index.php\/wp-json\/wp\/v2\/users\/2"}],"replies":[{"embeddable":true,"href":"https:\/\/help.lichenportal.org\/index.php\/wp-json\/wp\/v2\/comments?post=848"}],"version-history":[{"count":2,"href":"https:\/\/help.lichenportal.org\/index.php\/wp-json\/wp\/v2\/pages\/848\/revisions"}],"predecessor-version":[{"id":856,"href":"https:\/\/help.lichenportal.org\/index.php\/wp-json\/wp\/v2\/pages\/848\/revisions\/856"}],"up":[{"embeddable":true,"href":"https:\/\/help.lichenportal.org\/index.php\/wp-json\/wp\/v2\/pages\/735"}],"wp:attachment":[{"href":"https:\/\/help.lichenportal.org\/index.php\/wp-json\/wp\/v2\/media?parent=848"}],"curies":[{"name":"wp","href":"https:\/\/api.w.org\/{rel}","templated":true}]}}